7 + 16 + 14)?
-9
What is (1 - -3) + (-1 - -13) + 1 + -7 + -3?
7
Evaluate (-4 + 2 - ((56 - 45) + -8 + -1)) + 64.
60
Calculate -19 + 513 + -441 + (-3 + -1 - 1).
48
Calculate 13 - -1 - (-2 - (-37 - (-24 - -23) - -23)).
3
Evaluate (2 - (-9 + (-12 - -5) + -10 + 184)) + 0.
-156
What is the value of (92 - (-25 + 142)) + 78?
53
-3273 + 3271 - (-51 + -4 + 8)
45
(1 + 1 - ((-241 - -153) + 4 + 19)) + -1
66
Evaluate -46 - -4 - (1 + 4 - (387 + -371)).
-31
What is the value of (100 - 41) + -69 + -12?
-22
What is -10 + 2 + -2 + (1063 - 1066)?
-13
186 + -171 - (7 - 44)
52
61 + (129 - (-92 - -292))
-10
Calculate (100 - 84) + -5 + 3 + -10 + -8 + 15.
11
0 + -1 + (-6 - (-47 - (-18 + 51)))
73
Evaluate -88 + 142 + -102 - (-33 - 0).
-15
60 - (2 + 34 - -16)
8
Calculate -7 - (8 - 3) - -38 - (-2 + -10).
38
Evaluate -4 + -1 + 2 + 15 + (-28 - -18) - -35.
37
What is 1036 + -1058 + 2 + -5 + -25?
-50
What is (-36 - 10) + 0 - 3?
-49
-45 - (-34 + (3 - -3 - 6))
-11
(40 + -29 - -58) + (3 - -6)
78
What is the value of 113 + (-1 - -2) + 246 + -69 + -171?
120
What is the value of (-6 - (-9 + 3)) + -4 + 17 + -28?
-15
What is the value of 38 - (-25 - (-20 + -52))?
-9
What is 145 + 153 + -106 + -176?
16
(10 - 0) + 1 + (-24 - -14) + 58
59
Calculate 5 + 35 + (15 - 22) + -4.
29
Evaluate 0 + -47 - (1298 + -1376).
31
Calculate (72 - 21) + 25 + (6 - 24).
58
What is -16 + 35 - (-1 + 12) - -5 - 3?
10
Evaluate -30 + (-93 - -50) - -159.
86
Calculate 18 - (632 + -625 + 156 + -4).
-141
Calculate (-16 + 6 - (8 + (-85 - -10))) + -7.
50
Calculate (6 - (2 + 0 + 10)) + 9 + -11 + -7.
-15
Calculate (17 + (46 - 12) - -1) + 0 + -18.
34
What is the value of -37 - (59 - (-79 + 132) - (-2 - (-8 + -1)))?
-36
(14 - ((1 + -13 - -27) + -74)) + -10
63
What is the value of 63 - ((24 - -71) + -28)?
-4
What is the value of 2 + -9 - (-11 - (65 + -109))?
-40
Calculate (10 - (10 + (-26 - -15) - -2)) + -1 + 2.
10
What is the value of -1 + (12 - -1 - (43 + -8)) - (3 - -5)?
-31
Evaluate 27 + -15 - (-32 - -18).
26
What is the value of 12 + 1 + (-939 - -983)?
57
What is the value of 84 - 6 - -2 - 221?
-141
-40 + -1 - ((136 - -94) + -189)
-82
What is the value of -29 + -30 + 30 + (8 + -8 - -6)?
-23
What is (-34 - -61) + 52 + -46?
33
Evaluate (9 - (-5 + -1)) + (30 - (20 - 12)).
37
(-2 - -2) + (0 + 12 - (-6 - 2 - -3))
17
What is the value of (-19 - -18) + (-10 - (10 + -8) - -7) - -104?
98
Evaluate -40 + 40 - (21 + -14).
-7
Evaluate -55 - (-2 + 1) - 1 - (19 + (-27 - -11)).
-58
Calculate -11 + 103 + -62 - (1 - -30).
-1
Calculate 44 + -8 + (-176 - -39) + -45.
-146
What is the value of 1436 + -1319 + (-60 - 0)?
57
What is -40 - ((-14 - 9) + 47 + -48)?
-16
(-33 - -8) + 38 + -24 + -3 + -46
-60
Evaluate (-49 - 116) + 83 + 96.
14
Calculate 214 - 159 - (6 - (25 + 6) - -10).
70
What is the value of (3 - 10) + -8 + (-27 + 0 + -6 - 6)?
-54
What is (-94 - (-49 - -12)) + (-2 - 11)?
-70
Calculate 79 - (94 - 74 - -29).
30
What is -48 - (25 + (-35 - 8) + 18 + 7)?
-55
Calculate (15 - ((-13 - 31) + 25)) + -88.
-54
What is the value of -47 - (-5 + 8 + -15 - (-9 - 1))?
-45
Evaluate -4 - ((13 - 13) + (-60 - (-5 - -8))).
59
108 + -4 + 0 + 90 + -33 + -51
110
2 - ((-1 - 1 - 3) + 1374 + -1370)
3
What is 23 - 13 - (807 + -671)?
-126
Calculate -21 + 0 - ((-81 - -112) + (-6 - -54)).
-100
Evaluate 23 - (16 - 6) - ((-13 - -25) + -18).
19
What is the value of -3 - 1 - (59 + -66) - 61 - (0 + -11)?
-47
-73 + -52 + 132 - -41
48
Calculate 0 - 4 - (-1 + 1) - (11 + 15 + -79).
49
Calculate (-294 - -231) + (-7 - (-4 + -6)) + 3.
-57
Evaluate (21 + -33 - 0) + (41 - 138).
-109
Calculate -1 + (0 + 3 - 37 - (-127 - -116)).
-24
-101 + 3 - (-301 - -309) - -19
-87
Evaluate -34 - (12 + -11 - 8 - (-7 - 1)).
-35
What is the value of -86 + -2 + 77 - (-2 - -62 - 2)?
-69
Evaluate -20 - ((-31 - -73) + -59 - (1 + -138)).
-140
-5 - (22 + -19) - (-5 - -2 - -8 - -8)
-21
Calculate -6 + 13 + (3 - 7) + -3 + 6.
6
What is (0 - 9) + (-22 - -41) + -14 + -13 + -5?
-22
What is the value of -3217 + 3244 + -2 + -49 + -1?
-25
Evaluate -1 - (5 + 0) - (-97 + 54 + 45 + 67).
-75
Evaluate (-35 - -16) + -33 + (8 + -23 - (0 - 9)).
-58
What is (-37 - (-10 - (0 - 7))) + (-163 - -158)?
-39
What is the value of -24 - 0 - (107 - (-120 + 254))?
3
(-75 - -1) + 0 + (-33 - -57) + -36
-86
What is -11 + (-35 + 54 - 6) + 1 + 10?
13
188 + -207 + 5 + 31
17
-114 + (3 - (25 - (11 + 22))) + (-7 - -1)
-109
What is the value of 61 + -158 + (86 - -8)?
-3
What is the value of (146 - (22 + (4 - (-17 + 45)))) + -3?
145
Evaluate -1 + 10 + (-31 - -5 - -8).
-9
Evaluate (-8 - -29) + -65 + 33 + -16.
-27
Evaluate 53 + 87 + -39 + -182.
-81
Evaluate (-49 - -45) + 54 - 26.
24
(2 - (1 + -9)) + (-44 - 30) + 60 - 61
-65
What is the value of (0 - -35) + (-153 - (-59 - 70))?
11
What is (0 - (7 - 0)) + (12 - -5) + 80 + -191?
-101
Calculate -8 + (-6 - -15) + -18 + (-6 - -1 - -3).
-19
(-105 - -3) + (871 - 840)
-71
What is the value of -4 - (10 + -22) - (14 + 4) - -26?
16
What is (-5378 - -5310) + (-10 - (4 - (-2 - -3)))?
-81
Evaluate 95 - (0 - -68) - (-9 - -2).
34
What is the value of (5 + 2 - 4 - 33) + -37 + (42 - -3)?
-22
Evaluate (24 - (-19 - -24)) + -54 + (-9 - (-7 - -3)).
-40
What is -79 + -7 + 84 + (-1 - 62)?
-65
-80 + -191 + 220 + 1 + -7
-57
5091 + -5134 + -1 + -13 + (3 - 1)
-55
What is (54 - 107) + 22 + -3 + 33?
-1
(-17 + 1 - (715 + -689)) + 157
115
What is (-47 - -77) + -8 + -33?
-11
Evaluate (404 - 316) + (11 - ((-4 + -3 - -3) + 7)).
96
7 - (78 + 71 + -99)
-43
-2 - (2 + 18 + -5) - -53
36
Calculate (-19 + 8 - -20) + (-7 - -10 - (0 + 0)).
12
What is -12 + (-4 + 7 + -8 - (-84 + 91))?
-24
Evaluate 6 + -5 + (23 - 16) - 31.
-23
Calculate (-11 - 14) + 54 + -7 - -35.
57
Calculate -37 - (18 + -68 + 39).
-26
Calculate (-2 + -1 - -4 - -4) + -10 + 16 + 31.
42
Evaluate (0 - 0) + -14 + 2 + (1751 - 1732).
7
Evaluate -146 + 97 + 88 + 42.
81
What is the value of -22 + (15 - (25 + -17 + -2 + 20))?
-33
What is -11 + (45 - 54) - -70?
50
Calculate (-3 - (10 - 1)) + (-4 - -7 - 15).
-24
What is the value of 20 - ((-19 - -35) + 37) - 1?
-34
Calculate -169 + (78 - 57) - (1 + 5 + -16).
-138
Evaluate 61 - ((-29 + (-9 - -66) - (-1 - -4)) + -15).
51
Evaluate (-863 - -865 - (7 - (0 - 0)) - 66) + 1.
-70
Evaluate -104 + (107 - 58) - -46.
-9
What is -190 - (177 + -320) - (-1 - (-5 - 1))?
-52
What is -3 - 0 - (-9 - 14 - -20) - (20 - 149)?
129
What is 0 + 2 + (-30 + 113 + 34 + -45 - -15)?
89
What is -2 - -72 - 0 - (-19 - (-2 + -32))?
55
What is -31 + -6 - -40 - (9 + -1) - 33?
-38
2 - -15 - (51 + 74 + -204)
96
What is the value of 0 + 68 + (-2282 - -2246)?
32
Evaluate -3 - ((-9 - (-54 - 1)) + -16 + (4 - -8)).
-45
What is 79 + -128 + 114 + -13?
52
Calculate -25 + (-9 + 9 - 8) + -39.
-72
Evaluate 14 + -6 - -16 - (-107 + 124).
7
Calculate 30 + 0 + -34 - (4 + (-6 - -18)).
-20
What is the value of -115 + 1 - (111 + (-45 - 102))?
-78
What is 4 + 0 + (-76 - 0) + (-45 - -31)?
-86
What is the value of -55 - (-41 - -44 - 28)?
-30
What is the value of 6 - (13 + (-11 + 20 - (107 + 12 + 1)))?
104
What is 18 + -20 + 34 + (-3 - 18) + -95?
-84
1 - -5 - (-26248 - -26290)
-36
Evaluate -7 + 19 + -2 + -17 + 31.
24
What is 3 + 59 + (82 - 93 - (-1 + -1)) + 10?
63
What is the value of -55 + 162 + -15 + -5?
87
What is the value of (11 - -15) + (89 - 93) - 44?
-22
What is the value of -19 + (-41 + 93 - 17) - -15?
31
Evaluate 27 + (-108 + 67 - -39) + (1 - 3).
23
(-675 - -699) + (-2 + 3 - -12) + -1
36
Calculate 1 + (-46 - -42 - (-1 + 2)) - (12 + -74).
58
What is the value of (17 - 62) + 2 + -2 + (3 - 5 - -1)?
-46
Calculate -62 + 55 - (-8 - (-26 + 0)).
-25
Evaluate (24 - -21 - 61) + -56.
-72
33 + 24 + -53 + -7
-3
What is (-49 - (-12 + -41)) + -32 + -2 + 0?
-30
Calculate (-13 - -81) + -570 + 467.
-35
What is the value of -5 - (-13 + (2 + 10 - (-2 - 5)))?
-11
Calculate -12 - (3 - 5 - -15 - 8) - -9.
-8
What is the value of 23 + (-4 - -1) - (134 + -125) - 2?
9
-5 - 0 - (-3 - -1) - (21 - (49 - 15))
10
(6 - 5) + 19 + -5 + (-4 - -121)
132
159 + (-49 - -13) + 15 + -22
116
Evaluate (70 - (452 - 462 - (2 - 3 - 12))) + -9.
58
What is the value of -15 + 44 - (33 + -11 - -30)?
-23
Calculate -6 + -3 + 28 - 4 - 6 - (69 - 6).
-54
(0 - 16) + 17 + 3 + 21 + 16
41
What is the value of -29 + 2 + (-2 - ((16 - 39) + 4 + 8))?
-18
What is 28 + (17 - 37) + 8 - -1?
17
Evaluate -2188 + 2189 - (53 - 0).
-52
-13 - ((7 -